-2) + s/7 a prime number?
False
Suppose 1130 = 4*f - 2*y - 5472, -2*y = -2*f + 3300. Is f a prime number?
False
Suppose 9*q = 6*q. Suppose q = -0*m - 5*m + 3*o + 1249, 0 = m - 5*o - 241. Is m composite?
False
Suppose 8*s - 25 = 3*s. Let l(v) = 17*v - 8. Is l(s) prime?
False
Is 69310 + (21 + -12 - 6) prime?
True
Is 23357*(85/102 - (-2)/12) composite?
False
Suppose 208299 = 11*u - 7268. Is u a composite number?
False
Let r(h) = 3101*h + 8. Is r(1) a composite number?
False
Let a = 76 - 108. Is (a/48)/(4/(-8166)) a composite number?
False
Let v be ((-7)/14)/((-1)/8). Is (170/v + -3)*2 prime?
True
Suppose -42*h + 102807 = -853491. Is h a prime number?
True
Suppose 14*g - 489782 = -24*g. Is g prime?
True
Let m = 2 - 0. Suppose -3*t = -m*u - 12 + 1, -3*t = -3*u - 9. Suppose -u*y + 12 + 686 = 2*n, -4*n + 1390 = y. Is n a prime number?
True
Let h(i) = -15*i**3 - 3*i**2 - i - 2. Let l(a) = -a - 1. Let u(x) = h(x) + l(x). Is u(-3) composite?
True
Let o(a) = a**3 + 4*a**2 - 24*a + 27. Let k be o(-8). Suppose 3*v = -4 - 2. Is (-10)/(-20) + k/v prime?
True
Suppose -4*r - 5*q = -16, 2*q = 3*r - 16 + 4. Is r*(4/(16/2939))/1 a prime number?
True
Let t = 3448 + -1601. Is t prime?
True
Let h = 0 + 2. Suppose 2*z + 12 = 6*z. Suppose -h*m - m = -9, -22 = -a + z*m. Is a composite?
False
Let h be (24/(-30))/(4/3050). Let p = 1251 + h. Is p a prime number?
True
Suppose 6*l + 5795 = 14591. Is l a prime number?
False
Let u = 11421 - 6969. Suppose y - 1058 - 1170 = -b, 0 = -2*b + 2*y + u. Is b a composite number?
True
Is (13644/(-60))/(2/(-10)) composite?
True
Suppose 2*g = 4*q + 276, -3*g + 2*q + 270 = -g. Suppose -g = -t + 179. Is t a prime number?
True
Let m be -3*-6*4/8. Suppose -16098 = -m*d + 3*d. Is d composite?
False
Let a(y) = 2*y - 15. Let z be a(10). Suppose z*n - 785 = 3*k, -136 + 436 = 2*n - 4*k. Suppose -l = -n - 53. Is l prime?
False
Is (47267/(-2))/((-38)/76) composite?
True
Suppose x - 5*n + 890 = 0, -3*n = -2*n + 1. Let j = -140 - x. Is j composite?
True
Let o be (-1)/(3/(-6)) + 0. Let b be o/13 - (-4656)/156. Let a = b - 7. Is a a composite number?
False
Let h be -44 + -21 + (1 - 4). Is 4 + (h + -1)/((-4)/12) a prime number?
True
Let n be -8*(30/8)/(-5). Suppose 6*m = -0*m + 6690. Suppose -3*k + 12 = 0, n*k - 5*k + m = 3*j. Is j a composite number?
False
Suppose -b = 2*m - 12899, -5*m - 14*b = -16*b - 32243. Is m a prime number?
True
Suppose 3*s + 2*h + 0*h - 9043 = 0, -h = 5*s - 15060. Is s a composite number?
False
Let f(s) = 954*s + 65. Is f(2) composite?
False
Suppose 4*v - 2 = -2. Is (3 - 1348/(-1)) + v prime?
False
Let c(k) = 717*k**3 - k**2. Let p be c(1). Let o = -2864 + 4051. Let x = o - p. Is x a composite number?
True
Let m = -39 - 692. Let w = m - 241. Let z = -577 - w. Is z a composite number?
True
Let a = 150 - -840. Suppose -4*r + a = -2*r + 2*m, -r + m = -499. Is r a composite number?
True
Suppose h - 3 = -1. Let l be ((-3)/9)/(h/3342). Let b = l + 952. Is b a prime number?
False
Let f be (-4 - -1)*(8 + -7). Let n be 4/((-3)/99*f). Let v = -7 + n. Is v composite?
False
Let o be (18 + 1 + -7)*(-1641)/4. Is (-2*(-5)/30)/((-3)/o) a prime number?
True
Let m(t) = -3466*t**3 - 2*t**2 + t + 3. Is m(-1) a prime number?
False
Is ((3 - 0) + -2)*29977 prime?
False
Suppose 1306 = 4*t - 1010. Let b be 4 + (2070/(-6) - 3*1). Let x = t + b. Is x a composite number?
True
Let p be 2/(-3 + (-44)/(-12)). Let q be ((p - 5)*1)/(-1). Suppose -5*y + 51 = j - 96, -3*y = q*j - 266. Is j prime?
True
Let u(i) = -i**3 + 9*i**2 - 7*i + 13. Let p be u(11). Let z = 543 + p. Is z prime?
False
Let a(j) = 478*j**2 - 4*j + 17. Is a(4) prime?
True
Let m(i) be the third derivative of i**6/120 - i**4/6 + 8*i**3/3 + 45*i**2. Is m(7) a prime number?
True
Let w = -4 + 4. Suppose q = 3, w*y - q + 1417 = 2*y. Let k = y - 340. Is k composite?
False
Let j(x) = -x - 3. Let s be j(-3). Suppose 0 = 5*g - s*g - 335. Is g a prime number?
True
Let w(z) = 80*z**2 + 1. Is w(2) prime?
False
Suppose 7*l + 5869 = i + 5*l, i - 5867 = 3*l. Is i a composite number?
True
Suppose 3*m = -4*k + 194591, 3*k - 8*k = 2*m - 243237. Is k a prime number?
True
Let h = 1618 + 4803. Is h composite?
False
Let h(q) = q**2 + q + 4. Let o be h(-3). Let b be 13940/45 + (-4)/(-18). Suppose -b = -15*i + o*i. Is i composite?
True
Let z = -8 + 40. Let v = 65 + z. Is v a prime number?
True
Let y = 5 + 2. Let a = y + -1. Let h(s) = s**3 - 2*s**2 - 1. Is h(a) a prime number?
False
Let l be (38 - (2 + 0))/2. Let w = l + -9. Is w composite?
True
Let s(w) = w**3 + 14*w**2 + 13*w + 3. Let v be (-76)/6 - 7/21. Let f be s(v). Suppose 3*o - 2*n = 191, f*o - 4*o = n - 67. Is o a composite number?
True
Suppose -3*h + 10207 = h - n, -4*n - 10216 = -4*h. Is h composite?
False
Let g = 1985 + -655. Let k = 3479 - g. Is k a prime number?
False
Let i = -37 + 27. Let a(n) = -5*n + 9. Is a(i) prime?
True
Let n(r) = r**2 + 8. Is n(9) composite?
False
Suppose -16*b - 397794 = -78386. Let i = b + 34584. Is i a prime number?
True
Suppose 0 = 3*w - 9, 2*h + 0*w = 4*w. Suppose 13161 = 5*c - d, 5*c - h*d + d = 13145. Is c a composite number?
False
Is 16/64 - (-165585)/12 a prime number?
True
Is (-2 + 37619)*((11 - 2) + -8) a prime number?
False
Let r be 0*-2*(-1)/4. Is 19/(5/5 + r) prime?
True
Let m = 9654 - 6136. Is (m/(-4))/(2/(-4) + 0) a prime number?
True
Let o = 22873 - 11970. Is o a prime number?
True
Let c = -72 - -75. Suppose -2*m + 10*w + 1804 = 8*w, c*w - 890 = -m. Is m prime?
False
Suppose -28*l + 122608 = -12*l. Is l prime?
False
Suppose 0 = -3*d - 3*n + 387552, -24*d = -22*d - 2*n - 258380. Is d a prime number?
True
Let h(u) = -3*u**3 + 11*u**2 + 14*u - 19. Let b be h(10). Let c = -698 - b. Is c a composite number?
True
Let l = 9 + -14. Let m(z) = -2*z - 7. Let u be m(l). Is 5 + u + -4 - -299 prime?
False
Suppose -5*r + 2445 + 5440 = 0. Is r prime?
False
Is (-8 - 243)*-1*1 composite?
False
Let s be (-26267)/(-17) + 18/(-153). Suppose 4*p - 227 - s = 0. Is p composite?
False
Let s = -28 - -25. Is (2032 - (-3)/s)*(-1)/(-3) a composite number?
False
Suppose -195*f + 185*f + 76070 = 0. Is f composite?
False
Suppose -5*i + 6*i = -5*b + 29759, 59528 = 2*i + 5*b. Is i a composite number?
True
Let w = -23 + 23. Suppose s + 2*u + 0*u = 431, w = -2*s - 2*u + 856. Suppose -3*g + 42 + 199 = 4*c, -s = -5*g - 2*c. Is g a prime number?
False
Let p be ((-3)/5)/((-36)/40)*936. Suppose -241 = -d + p. Is d a prime number?
False
Suppose 7*n - 18230 = 22223. Is n prime?
True
Let g = -939 + 628. Let p = 176 - g. Is p prime?
True
Let p(y) = y + 7. Let m be p(-4). Suppose -5 = -3*z - 5*s + 5, -18 = -3*z + m*s. Suppose z*u = -922 + 2907. Is u composite?
False
Let r(l) = 479*l**2 - 8*l + 8 + 4*l + l - 5. Is r(1) a composite number?
False
Let b(g) = 3*g + 50. Let z be b(-16). Is 319*4*((-14)/8 + z) a prime number?
False
Let w = 44 + -40. Suppose -y - n + 528 = w*n, -522 = -y + n. Is y prime?
True
Let b = -12 + 14. Suppose n + b*w - 881 = 0, -2*n - 3*n = 5*w - 4425. Is n a composite number?
True
Let a be -2*(-1 - (-63)/(-6)). Let l = -18 - a. Let b = -16 - l. Is b a composite number?
True
Let u(n) be the second derivative of -n**5/5 + n**4/6 - n**3/6 + 6*n. Let v be u(1). Is 600/3 + 2 - v composite?
True
Let o(w) = w. Let z be o(2). Suppose 4*a - 1508 = -3*r, 729 = z*a + 4*r - 15. Suppose 5*n - 195 = a. Is n prime?
False
Let h be (-250)/90 - (32/(-18) - -2). Let v(p) = -19*p**3 + 3*p**2 + p + 4. Is v(h) prime?
True
Suppose 7*h + 10 = 8*h. Suppose 5*y - 5827 = -4*r, h*y - 5*y = 3*r + 5841. Is y a prime number?
False
Let k(a) = a**3 - 30*a**2 + 31*a - 37. Let s be k(29). Let d = 134 + s. Is d prime?
False
Let c be (-194)/6*-3 + 3. Suppose 1185 - c = 5*t. Let d = t + -56. Is d a prime number?
False
Let a(q) = 2*q - 5. Let s be a(5). Suppose s*h + t - 2483 = 2*t, -h + 499 = t. Suppose -h - 507 = -4*g. Is g a composite number?
False
Is 13848 - -28 - (1 + 2) a prime number?
True
Suppose 645018 = 98*a - 32*a. Is a a composite number?
True
Let t(d) = -277*d - 775. Is t(-36) composite?
True
Suppose 0 = 11*u + 28134 - 145295. Is u prime?
True
Let f = -15 + 16. Suppose 6 = -2*g, 2 = -b - g + f. Is (185/(-10))/(b/(-44)) a composite number?
True
Let d(x) = x**3 + 38*x**2 - 33*x - 5. Is d(-18) a composite number?
False
Suppose 3*x = 8*x - 49955. Is x prime?
False
